 - 4. Let d be z(-2). Suppose d*i + 610 = 8*i. Is i prime?
False
Let i(r) = -r**2 - 7*r - 1. Let y be i(-5). Let l = y - 7. Suppose -l*c + 39 + 27 = v, 0 = -4*c - v + 128. Is c composite?
False
Suppose 3*c = c. Suppose -3*a - d + 230 = c, a + 2*d + 0 - 75 = 0. Is a a composite number?
True
Let h(v) = 2*v**3 - 30*v**2 - 36*v - 210. Is h(31) composite?
True
Let n = -584 - -11355. Is n composite?
False
Let p = -21613 + 33902. Is p prime?
True
Suppose -5*z - 6019 = -3*s, -s + 6*z + 2003 = 5*z. Suppose -3038 = -4*j + s. Is j a composite number?
False
Suppose 0 = 4*y - m - 211, -5*y + m + 269 = -2*m. Suppose 40 = -2*o + y. Suppose -2*z - i + o*i = -2524, -5*i + 1277 = z. Is z composite?
True
Let r(m) = 71*m + 7. Let c be -4 + (5 - 2) - 23. Let w = 28 + c. Is r(w) a prime number?
False
Let n(d) = -d**3 - d**2 + d - 1. Let p(w) = -181*w**3 - 7*w**2 + 8*w - 13. Let m(g) = -6*n(g) + p(g). Is m(-3) composite?
False
Let c = 88 - -75. Is c a prime number?
True
Suppose -2*y + 17876 = -4*a + 59524, -5*a = -5*y - 52065. Is a a composite number?
True
Suppose -64*w = -1093336 - 1752808. Is w a composite number?
True
Suppose 3*k - 3*r - 156 = 0, -5*k + 183 = -k + r. Let p = k + 309. Suppose -2*n + m = -657, -2*n + n = 5*m - p. Is n a prime number?
True
Let w(g) = 14*g**2 - 2*g - 1. Let f = -7 + 11. Suppose f*z - 5*j + 11 = -4*j, -z = -4*j - 1. Is w(z) prime?
True
Let l be 4/((-4)/16 + 0). Let a be (5 + 0)*32/l. Is 5/a - (-573)/6 prime?
False
Let m = -2543 - -8146. Is m composite?
True
Let q be 7061/9 - 64/(-144). Let v(u) = -2*u**3 - u**2 - 2*u - 6. Let r be v(-4). Let l = r + q. Is l a prime number?
False
Suppose 5*b - 613 = 182. Let f = 763 - 420. Suppose -2*j = -b - f. Is j composite?
False
Let h = -62 - -64. Is ((-479)/3)/(h/(-6)) a composite number?
False
Let l(h) = h**2 - h - 45. Let u(c) = -c - 22. Let g(n) = 2*l(n) - 5*u(n). Is g(-23) composite?
False
Let p(z) = -2*z**3 + 22*z**2 - 22*z + 16. Suppose 25 = 6*j - j. Let g(v) = v**3 - 11*v**2 + 11*v - 8. Let n(f) = j*g(f) + 3*p(f). Is n(7) a prime number?
True
Let n be (-10)/(-3) - (198/27 + -7). Suppose -640 = -n*m - 4*c + 8805, 3*m = c + 9425. Is m composite?
True
Let m = -2203 + 3198. Suppose 3*h + h - 2477 = -5*t, 3*h = -2*t + m. Is t prime?
False
Suppose 3 = n + 1. Suppose n*f - f = 2. Is (-1 + f)/(3/633) a composite number?
False
Let l(f) = 191*f**3 + 2*f**2 + 4*f - 4. Is l(3) prime?
False
Let p(r) = 7*r**2 + 49*r - 215. Is p(69) prime?
True
Suppose 84*b - 71835 = 69*b. Is b a composite number?
False
Is ((-9)/(-36))/(1 - 1915/1916) composite?
False
Let d be (2 + 5/(-3))*2157. Let f = d - 232. Is f prime?
True
Suppose 5*u - 62 = 2*q, 0 = -5*u + 6*u - 3*q - 15. Suppose u = w - 133. Is w composite?
True
Let y = 84328 - 39573. Is y a composite number?
True
Suppose 0 = -4*k - 8, 28015 + 80591 = 4*f - 5*k. Is f a composite number?
True
Let p = -38 - -38. Suppose -l - 55 + 354 = p. Is l a prime number?
False
Is -4 - 26*126/(-4) a prime number?
False
Suppose 5*s = 2*o - 8897, o + 2*s - 4455 = -2*s. Is o a prime number?
True
Suppose -49*m = -40*m - 16209. Is m a prime number?
True
Let m = -7 - -12. Let b be 11 + m + 1 + -2. Is (2/2)/(b/1335) prime?
True
Let q = 23 + -13. Let c(t) = t - 4. Let v be c(q). Suppose 0*k = v*k - 762. Is k a composite number?
False
Is (-22)/((198/19921)/(-9)) composite?
True
Suppose -6*m + 75 = -3*m. Let k = -24 + m. Is -1151*(2 + -3)/k composite?
False
Let w(y) = 7*y**2 + 6*y + 3. Let b be w(-2). Is (-95)/b*(-2)/5 a composite number?
False
Let f(n) = -19*n**2 + 8*n + 8. Let c be f(-8). Let d = -803 - c. Is d prime?
False
Suppose 11 = -2*d + u - 6*u, -5*u = -4*d - 7. Let c(m) = -20*m**3 + 1. Is c(d) composite?
False
Let d = -14 + 6. Is (2799/(-36))/(2/d) a prime number?
True
Let k be 749*(12/7)/(-2)*-2. Suppose -3632 = -4*n - k. Is n prime?
True
Let w be ((-75)/(-2))/(0 - (-8)/144). Suppose -7*p = -w - 424. Is p a prime number?
True
Suppose -14*f - 1386 = -3*f. Let a(t) = 38*t - 3. Let x be a(2). Let i = x - f. Is i a composite number?
False
Let a = -1359 + 3518. Is a a composite number?
True
Let q be (6*(6 - -2))/(30/(-20)). Is ((-16)/q)/(1/1966) a prime number?
True
Let h(y) = 139*y**2 + 5*y - 1. Is h(2) prime?
False
Suppose -2*g + 2*x + 10 = 0, -3*x = -8*x. Is (-2 + -17)*g/(-1) composite?
True
Suppose 0 = -4*v - 3*h + 5*h + 12, 0 = -v + h + 3. Suppose 389 = 3*r + f - v*f, 5*r - 647 = 3*f. Is r a prime number?
True
Let s(j) = -3*j**3 + 7*j**2 - 17. Let p be s(-12). Suppose 3*w - 5*h = 6139, -3*w - 4*h + p = -0*h. Is w a composite number?
False
Let b = 35 + -29. Suppose -b*g + 2*g = -16. Suppose q + 750 = 4*q - 3*f, 2*q - g*f = 494. Is q composite?
True
Suppose -4*t + 15780 = 2*j, -507 = t - 3*j - 4466. Is t a composite number?
False
Let v = -8 - -16. Suppose -v = 3*r + 1. Is (-3)/(r - 86/(-29)) a prime number?
False
Let f be 6/(7/(91/2)). Suppose 0 = 3*n - 0*n - f. Is n composite?
False
Is (8809/2)/((-4)/(-8)) a composite number?
True
Suppose -73705 = 9*k - 14*k. Is k a composite number?
False
Let c be -2 + (2 - -1 - -2). Suppose -c*w - 285 = 4*s - s, 3*w + 475 = -5*s. Is 1 + (5/5 - s) composite?
False
Let p = 58 + -58. Is p + 0 + -2*3809/(-2) composite?
True
Suppose -3*u - 14 = -z, -5*u - 24 = -2*z - 0*z. Is (-4600)/20*2/u prime?
False
Let x = 3054 + -1405. Is x a composite number?
True
Let p(m) = -132*m - 4. Let w be p(-3). Let d be (-2)/12 + w/48. Is 5177/d - 5/40 prime?
True
Let l be ((-46)/(-8))/((-2)/(-248)). Suppose l = 5*p - 112. Suppose 2*w = 8, -3*d + 6*w + p = 3*w. Is d prime?
True
Let u be ((-10)/1)/(2/(-40)). Suppose -3*m + 4*j + 633 = 0, -11 - u = -m + j. Is m composite?
False
Let n = 58 + -52. Let t(q) = 66*q - 7. Is t(n) prime?
True
Let h be (7 - 62)/((-1)/2). Suppose -2*d + 157 + h = 5*y, 5*y + 5*d = 270. Is y a prime number?
True
Suppose -9 = 2*o + 3*x, 7*o - 6 = 10*o - 3*x. Is ((-4401)/36)/(o/8) prime?
False
Suppose 2*j - 4*j = 0. Suppose j = -5*g + 5, 3*p = -g + 3*g + 235. Suppose 2*c - 2*b = 150, -c = -2*c + 2*b + p. Is c a prime number?
True
Is (-6)/3*-1839 + 5 a composite number?
True
Suppose 5*c - 91756 = 3*m, -3*c = 3*m - 22188 - 32880. Is c composite?
False
Suppose 0*k = k - 3. Is 398/k*(-54)/(-36) a prime number?
True
Let a(b) = 3*b - 19. Let u be a(-3). Let p = u + 51. Is p composite?
False
Suppose -h + 72353 = 3*l, 3403 = -l + 4*h + 27512. Is l a prime number?
False
Suppose -4*l = 4*s - 0*l - 2628, -s + 682 = -4*l. Is s a prime number?
False
Let q(n) be the first derivative of 43*n**4/6 + 5*n**3/6 + 5*n**2/2 + 10*n + 6. Let k(m) be the first derivative of q(m). Is k(-2) a prime number?
False
Let r(f) = -1149*f - 6. Is r(-5) composite?
True
Let v = 18 + -11. Let r(c) = -3 + 3*c**2 - 1 - c - v*c**3 + 0 - 4*c**3. Is r(-3) composite?
True
Suppose 4*g + 3*b = 11465 - 2812, 0 = 5*g + 5*b - 10820. Is g a prime number?
True
Let p(a) be the second derivative of a**4/3 - a**2/2 + a. Let t be p(-1). Suppose 755 = 5*g - 3*c - 1388, -t*g + 5*c + 1273 = 0. Is g prime?
True
Let j be -3 + 0/1 + 5. Let u(d) = 3*d - d - d**j + 162 + 0*d + 131. Is u(0) a composite number?
False
Let k(l) = l. Let g(p) = 83*p - 1. Let j(w) = g(w) - 3*k(w). Is j(2) a prime number?
False
Let t(a) = 141*a**2 - 10*a - 57. Is t(-5) prime?
False
Suppose -269 = y - 4*d - 1060, 3150 = 4*y - 2*d. Is y composite?
False
Let a = -2732 - -4171. Is a a composite number?
False
Let b be 4 - (-7 + 4 - 248). Let u = -106 + b. Is u a composite number?
False
Let k(u) = u + 4. Let s be k(0). Let g(n) = -n + 4. Let a be g(s). Suppose x - 2*x + 118 = a. Is x a prime number?
False
Let y = 23289 + -13102. Is y composite?
True
Let f be 836 + (-1 - (-4)/4). Let k = f - 225. Is k a composite number?
True
Suppose 2*g = 8 - 2. Let w(y) = -2*y**2 - 2 - y**2 + 2*y + 0*y**3 + 5*y**2 - 9*y**g. Is w(-3) prime?
False
Let x = 978 - -1580. Is x prime?
False
Let k(c) = -2*c + 5. Let n be k(-5). Is (-1218)/n*20/(-8) a composite number?
True
Let w be (-3 - -3)/(0 + 0 - -1). Suppose 3*i + w*i - 921 = 0. Is i a prime number?
True
Let m(f) = -f**2 - f + 372. Let g be m(0). Suppose -g = -0*l - 2*l. Suppose 2*h - 4*h = -l. Is h prime?
False
Let t = 8033 + -1930. Is t a composite number?
True
Let c be -439 - (-3 - (-3 - 2)). Let t = 1096 + c. Is t a prime number?
False
Let q(d) = 11 - 2*d**3 - 5*d**2 + 12*d**3 - 9*d**3 + 2 - 12*d. 